
True
Is 1466504 a multiple of 814?
False
Does 16 divide 76044575?
False
Does 32 divide 14814666?
False
Does 3329 divide 28482924?
True
Does 26 divide 132826356?
True
Is 4993065 a multiple of 105?
True
Does 1000 divide 1939943000?
True
Is 26052264 a multiple of 18?
True
Does 20 divide 31219194?
False
Is 49739103 a multiple of 863?
False
Is 1673240738 a multiple of 61?
False
Is 6 a factor of 822865347?
False
Does 44 divide 2751892?
True
Is 287 a factor of 2708320?
False
Is 40485592 a multiple of 2681?
False
Does 19 divide 7118271?
False
Is 8 a factor of 2692928?
True
Is 33417620 a multiple of 92?
True
Is 6193843620 a multiple of 1437?
True
Does 8 divide 826225768?
True
Is 12344640 a multiple of 264?
True
Is 48 a factor of 4648657?
False
Does 941 divide 9831568?
True
Is 195354120 a multiple of 40?
True
Is 276 a factor of 112581228?
True
Does 320 divide 1217920?
True
Is 24534625 a multiple of 25?
True
Is 544 a factor of 7409228?
False
Is 12 a factor of 91185965?
False
Does 1911 divide 1329365949?
False
Is 73 a factor of 229208101?
True
Is 2235 a factor of 82606248?
False
Is 319 a factor of 3780453369?
True
Does 202 divide 22990573?
False
Is 397123776 a multiple of 7?
True
Does 25 divide 32043150?
True
Is 5 a factor of 31945927?
False
Does 46 divide 10429910?
False
Is 3578 a factor of 1621530706?
False
Is 2528279445 a multiple of 79?
False
Does 4 divide 25508344?
True
Is 454 a factor of 36402489?
False
Is 136 a factor of 546157368?
True
Is 34 a factor of 3622326?
True
Is 995 a factor of 72998225?
False
Does 2791 divide 598210600?
False
Is 228143300 a multiple of 70?
True
Is 1278609476 a multiple of 1099?
False
Is 95241895 a multiple of 35?
True
Is 33 a factor of 447509205?
True
Is 21058238 a multiple of 24?
False
Does 123 divide 119355510?
True
Is 1777826 a multiple of 105?
False
Is 2216041 a multiple of 3?
False
Does 830 divide 18847640?
True
Is 438 a factor of 37335401?
False
Is 8 a factor of 59733583?
False
Is 3876 a factor of 76375329?
False
Is 2191040820 a multiple of 6?
True
Does 14 divide 632375?
False
Is 1281765992 a multiple of 39?
False
Is 44 a factor of 475066347?
False
Does 11 divide 5668888?
False
Is 248 a factor of 7224736?
True
Does 810 divide 109518480?
True
Is 25874114 a multiple of 194?
False
Is 34 a factor of 45698870?
False
Does 1870 divide 2741420?
True
Does 130 divide 866365110?
True
Does 6 divide 9400650?
True
Does 17 divide 1018246301?
False
Is 7961948 a multiple of 125?
False
Is 9496241 even?
False
Is 18 a factor of 20423286?
True
Is 5303539 a multiple of 3?
False
Is 755 a factor of 1543705?
False
Does 66 divide 71716872?
False
Is 340041429 a multiple of 71?
False
Is 6726532 a multiple of 219?
False
Does 200 divide 1823018273?
False
Does 5289 divide 604411053?
True
Is 3789 a factor of 318567753?
True
Is 452304611 a multiple of 15?
False
Does 2223 divide 126168588?
True
Is 4510 a factor of 539234920?
False
Is 4399750 a multiple of 102?
False
Is 39 a factor of 182411575?
False
Does 93 divide 915529870?
False
Does 439 divide 48376912?
False
Does 1331 divide 8423854?
False
Is 246114960 a multiple of 91?
True
Does 18 divide 2517282?
True
Is 47329730 a multiple of 10?
True
Is 53 a factor of 3094047727?
True
Is 625443030 a multiple of 14?
False
Is 760441438 a multiple of 73?
True
Is 112 a factor of 723212224?
True
Is 203 a factor of 261353685?
False
Is 164 a factor of 116582516?
True
Does 1025 divide 221092500?
True
Is 850007799 a multiple of 38?
False
Is 463618065 a multiple of 1623?
True
Is 79 a factor of 921725?
False
Does 19 divide 126002367?
False
Is 855 a factor of 130036950?
True
Is 171 a factor of 333454617?
True
Is 2 a factor of 687287000?
True
Is 218 a factor of 22570889?
False
Does 100 divide 805015?
False
Is 460830810 a multiple of 155?
True
Is 17 a factor of 981677489?
False
Is 2383467001 a multiple of 31?
False
Is 797 a factor of 120072805?
False
Is 101 a factor of 1343603?
True
Is 91643386 a multiple of 304?
False
Does 22 divide 72706656?
True
Is 13 a factor of 875272372?
True
Is 7291 a factor of 647853145?
False
Is 30 a factor of 9151110?
True
Is 205465097 a multiple of 74?
False
Does 385 divide 1045463265?
True
Does 41 divide 913918?
False
Does 155 divide 6378870?
True
Is 1231 a factor of 560397978?
True
Is 40136994 a multiple of 122?
False
Is 4905 a factor of 122608424?
False
Is 139174465 a multiple of 35?
False
Does 18 divide 129319995?
False
Is 125518498 a multiple of 1127?
True
Is 31 a factor of 66267295?
False
Is 149 a factor of 5948170?
False
Is 7 a factor of 183726681?
False
Is 17 a factor of 800226649?
False
Is 452254200 a multiple of 200?
True
Is 2289 a factor of 5079291?
True
Is 62054436 a multiple of 642?
True
Is 2555 a factor of 1521474395?
True
Does 11 divide 38305?
False
Is 668 a factor of 65172323?
False
Is 9475 a factor of 200633125?
True
Does 890 divide 665238510?
True
Is 12 a factor of 263416094?
False
Is 22 a factor of 85395880?
False
Is 3 a factor of 10320517?
False
Is 220 a factor of 582418014?
False
Is 135 a factor of 157534605?
True
Does 26 divide 5574790?
True
Does 170 divide 502322358?
False
Does 26 divide 11498089?
False
Does 22 divide 83634473?
False
Is 19 a factor of 2134416014?
False
Is 112 a factor of 36918672?
True
Does 272 divide 2224433693?
False
Does 8 divide 2483692432?
True
Does 1924 divide 455174947?
False
Is 43 a factor of 103355897?
False
Is 159 a factor of 412802262?
False
Does 435 divide 3908409315?
True
Is 1689942 a multiple of 31?
False
Is 663193672 a multiple of 31?
False
Does 38 divide 673039622?
True
Does 631 divide 219044078?
True
Does 164 divide 4590360?
True
Does 133 divide 155604946?
True
Does 25 divide 106603725?
True
Is 81208199 a multiple of 58?
False
Is 58962975 a multiple of 1624?
False
Is 1451522293 a multiple of 210?
False
Does 441 divide 220042683?
True
Is 1539 a factor of 324578178?
True
Does 4 divide 116933211?
False
Is 10 a factor of 133442470?
True
Is 536 a factor of 4428857?
False
Does 31 divide 613076739?
True
Is 3 a factor of 11856356?
False
Is 233528190 a multiple of 34?
False
Is 92 a factor of 46821605?
False
Is 254523618 a multiple of 5058?
True
Is 29 a factor of 180193559?
True
Is 41 a factor of 1724917999?
False
Is 6534968 a multiple of 12?
False
Is 1702 a factor of 87413505?
False
Is 29768133 a multiple of 9?
False
Is 45851800 a multiple of 25?
True
Does 4091 divide 175300076?
False
Does 306 divide 87082809?
False
Is 7 a factor of 210640318?
True
Is 42 a factor of 142325904?
True
Is 86464389 a multiple of 114?
False
Is 109759989 a multiple of 15?
False
Is 8776772 a multiple of 13?
False
Is 34 a factor of 587536490?
True
Does 11433 divide 2276779053?
True
Does 9 divide 610980408?
True
Is 21 a factor of 436376913?
True
Is 93 a factor of 391275273?
True
Is 963533687 a multiple of 3?
False
Is 562168821 a multiple of 2773?
False
Is 693732655 a multiple of 95?
True
Is 1661 a factor of 17761073?
True
Is 139751849 a multiple of 37?
True
Does 799 divide 868642438?
True
Is 105765106 a multiple of 868?
False
Does 2437 divide 5958465?
True
Is 168 a factor of 21875448?
True
Is 26134548 a multiple of 1452?
True
Is 2213453837 a multiple of 1878?
False
Is 24 a factor of 771301?
False
Is 2258960228 a multiple of 28?
True
Is 118275804 a multiple of 116?
True
Is 146878428 a multiple of 107?
False
Is 1337 a factor of 24376184?
True
Is 766 a factor of 38089321?
False
Is 353907870 a multiple of 1615?
True
Is 214 a factor of 15559298?
True
Is 5899881 a multiple of 506?
False
Is 4453754 a multiple of 359?
True
Is 119 a factor of 17354722?
True
Does 330 divide 15770304?
False
Does 21 divide 4809525?
True
Is 251 a factor of 24407240?
True
Is 20 a factor of 10245380?
True
Is 154 a factor of 163542302?
True
Is 41 a factor of 14091577?
True
Does 501 divide 1725919664?
False
Is 63 a factor of 2247886557?
True
Does 575 divide 37446946?
False
Does 5 divide 168316823?
False
Is 1294 a factor of 27470264?
False
Does 224 divide 823474433?
False
Is 155091167 a multiple of 756?
False
Is 28 a factor of 846205159?
False
Is 742 a factor of 2507960?
True
Is 101949952 a multiple of 16?
True
Does 15 divide 28682932?
False
Does 161 divide 103999560?
True
Is 727 a factor of 2544685451?
False
Is 32 a factor of 2240170604?
False
Is 315 a factor of 300018968?
False
Does 16 divide 496579